Last updated on 2022-05-19 07:50:05 CEST.
Flavor | Version | Tinstall | Tcheck | Ttotal | Status | Flags |
---|---|---|---|---|---|---|
r-devel-linux-x86_64-debian-clang | 0.7.1 | 0.52 | 11.78 | 12.30 | ERROR | |
r-devel-linux-x86_64-debian-gcc | 0.7.1 | 0.37 | 8.77 | 9.14 | ERROR | |
r-devel-linux-x86_64-fedora-clang | 0.7.1 | 12.67 | ERROR | |||
r-devel-linux-x86_64-fedora-gcc | 0.7.1 | 12.72 | ERROR | |||
r-devel-windows-x86_64 | 0.7.1 | 74.00 | 115.00 | 189.00 | OK | |
r-patched-linux-x86_64 | 0.7.1 | 69.43 | 80.16 | 149.59 | OK | |
r-release-linux-x86_64 | 0.7.1 | 63.57 | 78.23 | 141.80 | OK | |
r-release-macos-arm64 | 0.7.1 | 51.00 | OK | |||
r-release-macos-x86_64 | 0.7.1 | 89.00 | OK | |||
r-release-windows-x86_64 | 0.7.1 | 73.00 | 120.00 | 193.00 | OK | |
r-oldrel-macos-arm64 | 0.7.1 | 54.00 | OK | |||
r-oldrel-macos-x86_64 | 0.7.1 | 63.00 | OK | |||
r-oldrel-windows-ix86+x86_64 | 0.7.1 | 206.00 | 141.00 | 347.00 | OK |
Version: 0.7.1
Check: package dependencies
Result: ERROR
Package required but not available: 'NonpModelCheck'
See section 'The DESCRIPTION file' in the 'Writing R Extensions'
manual.
Flavors: r-devel-linux-x86_64-debian-clang, r-devel-linux-x86_64-debian-gcc, r-devel-linux-x86_64-fedora-clang, r-devel-linux-x86_64-fedora-gcc