CRAN Package Check Results for Package CaPO4Sim

Last updated on 2022-05-21 07:55:19 CEST.

Flavor Version Tinstall Tcheck Ttotal Status Flags
r-devel-linux-x86_64-debian-clang 0.2.0 7.07 58.74 65.81 NOTE
r-devel-linux-x86_64-debian-gcc 0.2.0 6.34 45.39 51.73 NOTE
r-devel-linux-x86_64-fedora-clang 0.2.0 78.93 NOTE
r-devel-linux-x86_64-fedora-gcc 0.2.0 76.77 NOTE
r-devel-windows-x86_64 0.2.0 289.00 78.00 367.00 NOTE
r-patched-linux-x86_64 0.2.0 15.16 57.31 72.47 NOTE
r-release-linux-x86_64 0.2.0 4.62 57.85 62.47 NOTE
r-release-macos-arm64 0.2.0 24.00 NOTE
r-release-macos-x86_64 0.2.0 41.00 NOTE
r-release-windows-x86_64 0.2.0 268.00 81.00 349.00 NOTE
r-oldrel-macos-arm64 0.2.0 30.00 NOTE
r-oldrel-macos-x86_64 0.2.0 46.00 NOTE
r-oldrel-windows-ix86+x86_64 0.2.0 19.00 73.00 92.00 NOTE

Check Details

Version: 0.2.0
Check: LazyData
Result: NOTE
     'LazyData' is specified without a 'data' directory
Flavors: r-devel-linux-x86_64-debian-clang, r-devel-linux-x86_64-debian-gcc, r-devel-linux-x86_64-fedora-clang, r-devel-linux-x86_64-fedora-gcc, r-devel-windows-x86_64, r-patched-linux-x86_64, r-release-linux-x86_64, r-release-macos-arm64, r-release-macos-x86_64, r-release-windows-x86_64, r-oldrel-macos-arm64, r-oldrel-macos-x86_64, r-oldrel-windows-ix86+x86_64

Version: 0.2.0
Check: dependencies in R code
Result: NOTE
    Namespaces in Imports field not imported from:
     ‘htmltools’ ‘shinydashboard’
     All declared Imports should be used.
Flavors: r-devel-linux-x86_64-fedora-clang, r-devel-linux-x86_64-fedora-gcc, r-release-macos-arm64, r-release-macos-x86_64, r-oldrel-macos-arm64, r-oldrel-macos-x86_64