CRAN Package Check Results for Package CVXR

Last updated on 2022-07-03 07:51:51 CEST.

Flavor Version Tinstall Tcheck Ttotal Status Flags
r-devel-linux-x86_64-debian-clang 1.0-10 165.46 335.97 501.43 NOTE
r-devel-linux-x86_64-debian-gcc 1.0-10 141.13 250.31 391.44 NOTE
r-devel-linux-x86_64-fedora-clang 1.0-10 672.97 NOTE
r-devel-linux-x86_64-fedora-gcc 1.0-10 657.11 NOTE
r-devel-windows-x86_64 1.0-10 322.00 410.00 732.00 NOTE
r-patched-linux-x86_64 1.0-10 157.26 322.91 480.17 NOTE
r-release-linux-x86_64 1.0-10 157.36 315.72 473.08 NOTE
r-release-macos-arm64 1.0-10 132.00 NOTE
r-release-macos-x86_64 1.0-10 235.00 NOTE
r-release-windows-x86_64 1.0-10 290.00 412.00 702.00 NOTE
r-oldrel-macos-arm64 1.0-10 155.00 NOTE
r-oldrel-macos-x86_64 1.0-10 221.00 NOTE
r-oldrel-windows-ix86+x86_64 1.0-10 353.00 571.00 924.00 NOTE

Check Details

Version: 1.0-10
Check: package dependencies
Result: NOTE
    Packages which this enhances but not available for checking:
     'gurobi', 'rcbc'
Flavors: r-devel-linux-x86_64-debian-clang, r-devel-linux-x86_64-debian-gcc, r-patched-linux-x86_64, r-release-linux-x86_64

Version: 1.0-10
Check: package dependencies
Result: NOTE
    Packages which this enhances but not available for checking:
     'Rcplex', 'gurobi', 'rcbc'
Flavors: r-devel-linux-x86_64-fedora-clang, r-devel-linux-x86_64-fedora-gcc, r-devel-windows-x86_64, r-release-macos-arm64, r-release-macos-x86_64, r-release-windows-x86_64, r-oldrel-macos-arm64, r-oldrel-macos-x86_64, r-oldrel-windows-ix86+x86_64

Version: 1.0-10
Check: installed package size
Result: NOTE
     installed size is 9.1Mb
     sub-directories of 1Mb or more:
     R 2.7Mb
     doc 1.2Mb
     help 1.0Mb
     libs 3.7Mb
Flavors: r-devel-linux-x86_64-fedora-clang, r-devel-windows-x86_64, r-release-macos-arm64, r-release-macos-x86_64, r-release-windows-x86_64, r-oldrel-macos-arm64, r-oldrel-macos-x86_64, r-oldrel-windows-ix86+x86_64