CRAN Package Check Results for Package CSUV

Last updated on 2022-05-18 06:50:39 CEST.

Flavor Version Tinstall Tcheck Ttotal Status Flags
r-devel-linux-x86_64-debian-clang 0.1.1 5.68 51.00 56.68 NOTE
r-devel-linux-x86_64-debian-gcc 0.1.1 3.90 38.41 42.31 NOTE
r-devel-linux-x86_64-fedora-clang 0.1.1 64.89 NOTE
r-devel-linux-x86_64-fedora-gcc 0.1.1 63.83 NOTE
r-devel-windows-x86_64 0.1.1 20.00 67.00 87.00 NOTE
r-patched-linux-x86_64 0.1.1 4.85 48.93 53.78 NOTE
r-release-linux-x86_64 0.1.1 4.65 49.53 54.18 NOTE
r-release-macos-arm64 0.1.1 18.00 NOTE
r-release-macos-x86_64 0.1.1 34.00 NOTE
r-release-windows-x86_64 0.1.1 18.00 67.00 85.00 NOTE
r-oldrel-macos-arm64 0.1.1 25.00 NOTE
r-oldrel-macos-x86_64 0.1.1 33.00 NOTE
r-oldrel-windows-ix86+x86_64 0.1.1 11.00 61.00 72.00 NOTE

Check Details

Version: 0.1.1
Check: LazyData
Result: NOTE
     'LazyData' is specified without a 'data' directory
Flavors: r-devel-linux-x86_64-debian-clang, r-devel-linux-x86_64-debian-gcc, r-devel-linux-x86_64-fedora-clang, r-devel-linux-x86_64-fedora-gcc, r-devel-windows-x86_64, r-patched-linux-x86_64, r-release-linux-x86_64, r-release-macos-arm64, r-release-macos-x86_64, r-release-windows-x86_64, r-oldrel-macos-arm64, r-oldrel-macos-x86_64, r-oldrel-windows-ix86+x86_64