Last updated on 2022-06-29 06:53:23 CEST.
Flavor | Version | Tinstall | Tcheck | Ttotal | Status | Flags |
---|---|---|---|---|---|---|
r-devel-linux-x86_64-debian-clang | 0.1.0 | 1.75 | 20.22 | 21.97 | NOTE | |
r-devel-linux-x86_64-debian-gcc | 0.1.0 | 1.83 | 16.01 | 17.84 | NOTE | |
r-devel-linux-x86_64-fedora-clang | 0.1.0 | 38.93 | NOTE | |||
r-devel-linux-x86_64-fedora-gcc | 0.1.0 | 37.53 | NOTE | |||
r-devel-windows-x86_64 | 0.1.0 | 8.00 | 47.00 | 55.00 | NOTE | |
r-patched-linux-x86_64 | 0.1.0 | 1.82 | 20.21 | 22.03 | NOTE | |
r-release-linux-x86_64 | 0.1.0 | 1.73 | 20.37 | 22.10 | NOTE | |
r-release-macos-arm64 | 0.1.0 | 15.00 | NOTE | |||
r-release-macos-x86_64 | 0.1.0 | 23.00 | NOTE | |||
r-release-windows-x86_64 | 0.1.0 | 7.00 | 45.00 | 52.00 | NOTE | |
r-oldrel-macos-arm64 | 0.1.0 | 19.00 | NOTE | |||
r-oldrel-macos-x86_64 | 0.1.0 | 23.00 | NOTE | |||
r-oldrel-windows-ix86+x86_64 | 0.1.0 | 8.00 | 40.00 | 48.00 | NOTE |
Version: 0.1.0
Check: LazyData
Result: NOTE
'LazyData' is specified without a 'data' directory
Flavors: r-devel-linux-x86_64-debian-clang, r-devel-linux-x86_64-debian-gcc, r-devel-linux-x86_64-fedora-clang, r-devel-linux-x86_64-fedora-gcc, r-devel-windows-x86_64, r-patched-linux-x86_64, r-release-linux-x86_64, r-release-macos-arm64, r-release-macos-x86_64, r-release-windows-x86_64, r-oldrel-macos-arm64, r-oldrel-macos-x86_64, r-oldrel-windows-ix86+x86_64
Version: 0.1.0
Check: dependencies in R code
Result: NOTE
Namespaces in Imports field not imported from:
‘Matrix’ ‘caret’ ‘e1071’ ‘epitools’ ‘shiny’ ‘shinyMatrix’
All declared Imports should be used.
Flavors: r-devel-linux-x86_64-fedora-clang, r-devel-linux-x86_64-fedora-gcc, r-release-macos-arm64, r-release-macos-x86_64, r-oldrel-macos-arm64, r-oldrel-macos-x86_64