CRAN Package Check Results for Package CIAAWconsensus

Last updated on 2022-07-03 07:51:50 CEST.

Flavor Version Tinstall Tcheck Ttotal Status Flags
r-devel-linux-x86_64-debian-clang 1.3 2.94 35.62 38.56 OK
r-devel-linux-x86_64-debian-gcc 1.3 2.12 27.98 30.10 OK
r-devel-linux-x86_64-fedora-clang 1.3 57.32 NOTE
r-devel-linux-x86_64-fedora-gcc 1.3 55.59 NOTE
r-devel-windows-x86_64 1.3 38.00 67.00 105.00 OK
r-patched-linux-x86_64 1.3 2.16 34.95 37.11 OK
r-release-linux-x86_64 1.3 2.75 34.83 37.58 OK
r-release-macos-arm64 1.3 20.00 NOTE
r-release-macos-x86_64 1.3 27.00 NOTE
r-release-windows-x86_64 1.3 5.00 72.00 77.00 OK
r-oldrel-macos-arm64 1.3 21.00 NOTE
r-oldrel-macos-x86_64 1.3 37.00 NOTE
r-oldrel-windows-ix86+x86_64 1.3 7.00 54.00 61.00 OK

Check Details

Version: 1.3
Check: dependencies in R code
Result: NOTE
    Namespaces in Imports field not imported from:
     ‘Matrix’ ‘stringr’
     All declared Imports should be used.
Flavors: r-devel-linux-x86_64-fedora-clang, r-devel-linux-x86_64-fedora-gcc, r-release-macos-arm64, r-release-macos-x86_64, r-oldrel-macos-arm64, r-oldrel-macos-x86_64