Last updated on 2022-05-16 06:52:20 CEST.
Flavor | Version | Tinstall | Tcheck | Ttotal | Status | Flags |
---|---|---|---|---|---|---|
r-devel-linux-x86_64-debian-clang | 1.3.4 | 46.64 | 108.34 | 154.98 | OK | |
r-devel-linux-x86_64-debian-gcc | 1.3.4 | 35.53 | 81.65 | 117.18 | OK | |
r-devel-linux-x86_64-fedora-clang | 1.3.4 | 191.29 | NOTE | |||
r-devel-linux-x86_64-fedora-gcc | 1.3.4 | 183.23 | OK | |||
r-devel-windows-x86_64 | 1.3.4 | 56.00 | 655.00 | 711.00 | OK | |
r-patched-linux-x86_64 | 1.3.4 | 26.42 | 101.82 | 128.24 | OK | |
r-release-linux-x86_64 | 1.3.4 | 27.78 | 102.13 | 129.91 | OK | |
r-release-macos-arm64 | 1.3.4 | 58.00 | NOTE | |||
r-release-macos-x86_64 | 1.3.4 | 88.00 | NOTE | |||
r-release-windows-x86_64 | 1.3.4 | 52.00 | 757.00 | 809.00 | OK | |
r-oldrel-macos-arm64 | 1.3.4 | 77.00 | NOTE | |||
r-oldrel-macos-x86_64 | 1.3.4 | 115.00 | NOTE | |||
r-oldrel-windows-ix86+x86_64 | 1.3.4 | 107.00 | 193.00 | 300.00 | NOTE |
Version: 1.3.4
Check: installed package size
Result: NOTE
installed size is 5.5Mb
sub-directories of 1Mb or more:
data 1.6Mb
extdata 1.1Mb
libs 2.2Mb
Flavors: r-devel-linux-x86_64-fedora-clang, r-release-macos-arm64, r-release-macos-x86_64, r-oldrel-macos-arm64, r-oldrel-macos-x86_64, r-oldrel-windows-ix86+x86_64