Last updated on 2022-05-18 06:50:37 CEST.
Flavor | Version | Tinstall | Tcheck | Ttotal | Status | Flags |
---|---|---|---|---|---|---|
r-devel-linux-x86_64-debian-clang | 3.3 | 117.55 | 504.06 | 621.61 | OK | |
r-devel-linux-x86_64-debian-gcc | 3.3 | 93.98 | 369.13 | 463.11 | OK | |
r-devel-linux-x86_64-fedora-clang | 3.3 | 761.80 | NOTE | |||
r-devel-linux-x86_64-fedora-gcc | 3.3 | 754.26 | OK | |||
r-devel-windows-x86_64 | 3.3 | 114.00 | 512.00 | 626.00 | OK | |
r-patched-linux-x86_64 | 3.3 | 100.34 | 477.26 | 577.60 | OK | |
r-release-linux-x86_64 | 3.3 | 102.77 | 485.42 | 588.19 | OK | |
r-release-macos-arm64 | 3.3 | 190.00 | NOTE | |||
r-release-macos-x86_64 | 3.3 | 252.00 | NOTE | |||
r-release-windows-x86_64 | 3.3 | 118.00 | 491.00 | 609.00 | OK | |
r-oldrel-macos-arm64 | 3.3 | 185.00 | NOTE | |||
r-oldrel-macos-x86_64 | 3.3 | 243.00 | NOTE | |||
r-oldrel-windows-ix86+x86_64 | 3.3 | 143.00 | 579.00 | 722.00 | OK |
Version: 3.3
Check: installed package size
Result: NOTE
installed size is 6.9Mb
sub-directories of 1Mb or more:
libs 4.9Mb
Flavors: r-devel-linux-x86_64-fedora-clang, r-release-macos-arm64, r-release-macos-x86_64, r-oldrel-macos-arm64, r-oldrel-macos-x86_64