CRAN Package Check Results for Package C443

Last updated on 2022-08-08 07:49:57 CEST.

Flavor Version Tinstall Tcheck Ttotal Status Flags
r-devel-linux-x86_64-debian-clang 3.2.3 12.90 136.35 149.25 OK
r-devel-linux-x86_64-debian-gcc 3.2.3 9.67 100.69 110.36 OK
r-devel-linux-x86_64-fedora-clang 3.2.3 188.59 NOTE
r-devel-linux-x86_64-fedora-gcc 3.2.3 189.88 NOTE
r-devel-windows-x86_64 3.2.3 22.00 149.00 171.00 OK
r-patched-linux-x86_64 3.2.3 7.91 129.90 137.81 OK
r-release-linux-x86_64 3.2.3 OK
r-release-macos-arm64 3.2.3 46.00 NOTE
r-release-macos-x86_64 3.2.3 84.00 NOTE
r-release-windows-x86_64 3.2.3 20.00 149.00 169.00 OK
r-oldrel-macos-arm64 3.2.3 42.00 NOTE
r-oldrel-macos-x86_64 3.2.3 66.00 NOTE
r-oldrel-windows-ix86+x86_64 3.2.3 29.00 151.00 180.00 OK

Check Details

Version: 3.2.3
Check: dependencies in R code
Result: NOTE
    Namespaces in Imports field not imported from:
     ‘qgraph’ ‘reshape2’
     All declared Imports should be used.
Flavors: r-devel-linux-x86_64-fedora-clang, r-devel-linux-x86_64-fedora-gcc, r-release-macos-arm64, r-release-macos-x86_64, r-oldrel-macos-arm64, r-oldrel-macos-x86_64