Last updated on 2022-05-24 07:52:15 CEST.
Flavor | Version | Tinstall | Tcheck | Ttotal | Status | Flags |
---|---|---|---|---|---|---|
r-devel-linux-x86_64-debian-clang | 2.3.11 | 99.18 | 329.52 | 428.70 | OK | |
r-devel-linux-x86_64-debian-gcc | 2.3.11 | 98.08 | 229.27 | 327.35 | OK | |
r-devel-linux-x86_64-fedora-clang | 2.3.11 | 523.38 | NOTE | |||
r-devel-linux-x86_64-fedora-gcc | 2.3.11 | 536.00 | OK | |||
r-devel-windows-x86_64 | 2.3.11 | 174.00 | 126.00 | 300.00 | OK | --no-examples --no-tests --no-vignettes |
r-patched-linux-x86_64 | 2.3.11 | 83.10 | 280.47 | 363.57 | OK | |
r-release-linux-x86_64 | 2.3.11 | OK | ||||
r-release-macos-arm64 | 2.3.11 | 134.00 | NOTE | |||
r-release-macos-x86_64 | 2.3.11 | 201.00 | NOTE | |||
r-release-windows-x86_64 | 2.3.11 | 157.00 | 129.00 | 286.00 | OK | --no-examples --no-tests --no-vignettes |
r-oldrel-macos-arm64 | 2.3.11 | 119.00 | NOTE | |||
r-oldrel-macos-x86_64 | 2.3.11 | 148.00 | NOTE | |||
r-oldrel-windows-ix86+x86_64 | 2.3.11 | 255.00 | 158.00 | 413.00 | OK | --no-examples --no-tests --no-vignettes |
Version: 2.3.11
Check: installed package size
Result: NOTE
installed size is 6.3Mb
sub-directories of 1Mb or more:
libs 4.7Mb
Flavors: r-devel-linux-x86_64-fedora-clang, r-release-macos-arm64, r-release-macos-x86_64, r-oldrel-macos-arm64, r-oldrel-macos-x86_64