Last updated on 2022-05-26 06:55:36 CEST.
Flavor | Version | Tinstall | Tcheck | Ttotal | Status | Flags |
---|---|---|---|---|---|---|
r-devel-linux-x86_64-debian-clang | 0.1.1 | 11.17 | 127.86 | 139.03 | NOTE | |
r-devel-linux-x86_64-debian-gcc | 0.1.1 | 8.53 | 103.02 | 111.55 | NOTE | |
r-devel-linux-x86_64-fedora-clang | 0.1.1 | 160.48 | NOTE | |||
r-devel-linux-x86_64-fedora-gcc | 0.1.1 | 169.37 | NOTE | |||
r-devel-windows-x86_64 | 0.1.1 | 18.00 | 140.00 | 158.00 | NOTE | |
r-patched-linux-x86_64 | 0.1.1 | 12.01 | 117.48 | 129.49 | NOTE | |
r-release-linux-x86_64 | 0.1.1 | NOTE | ||||
r-release-macos-arm64 | 0.1.1 | 42.00 | NOTE | |||
r-release-macos-x86_64 | 0.1.1 | 86.00 | NOTE | |||
r-release-windows-x86_64 | 0.1.1 | 23.00 | 144.00 | 167.00 | NOTE | |
r-oldrel-macos-arm64 | 0.1.1 | 51.00 | NOTE | |||
r-oldrel-macos-x86_64 | 0.1.1 | 84.00 | NOTE | |||
r-oldrel-windows-ix86+x86_64 | 0.1.1 | 24.00 | 116.00 | 140.00 | NOTE |
Version: 0.1.1
Check: LazyData
Result: NOTE
'LazyData' is specified without a 'data' directory
Flavors: r-devel-linux-x86_64-debian-clang, r-devel-linux-x86_64-debian-gcc, r-devel-linux-x86_64-fedora-clang, r-devel-linux-x86_64-fedora-gcc, r-devel-windows-x86_64, r-patched-linux-x86_64, r-release-linux-x86_64, r-release-macos-arm64, r-release-macos-x86_64, r-release-windows-x86_64, r-oldrel-macos-arm64, r-oldrel-macos-x86_64, r-oldrel-windows-ix86+x86_64