CRAN Package Check Results for Package Bioi

Last updated on 2022-05-19 07:50:04 CEST.

Flavor Version Tinstall Tcheck Ttotal Status Flags
r-devel-linux-x86_64-debian-clang 0.2.10 28.93 76.94 105.87 NOTE
r-devel-linux-x86_64-debian-gcc 0.2.10 24.74 57.20 81.94 NOTE
r-devel-linux-x86_64-fedora-clang 0.2.10 137.78 NOTE
r-devel-linux-x86_64-fedora-gcc 0.2.10 128.51 NOTE
r-devel-windows-x86_64 0.2.10 37.00 111.00 148.00 NOTE
r-patched-linux-x86_64 0.2.10 26.64 73.95 100.59 NOTE
r-release-linux-x86_64 0.2.10 25.22 72.10 97.32 NOTE
r-release-macos-arm64 0.2.10 38.00 NOTE
r-release-macos-x86_64 0.2.10 68.00 NOTE
r-release-windows-x86_64 0.2.10 37.00 112.00 149.00 NOTE
r-oldrel-macos-arm64 0.2.10 48.00 NOTE
r-oldrel-macos-x86_64 0.2.10 69.00 NOTE
r-oldrel-windows-ix86+x86_64 0.2.10 76.00 130.00 206.00 NOTE

Check Details

Version: 0.2.10
Check: LazyData
Result: NOTE
     'LazyData' is specified without a 'data' directory
Flavors: r-devel-linux-x86_64-debian-clang, r-devel-linux-x86_64-debian-gcc, r-devel-linux-x86_64-fedora-clang, r-devel-linux-x86_64-fedora-gcc, r-devel-windows-x86_64, r-patched-linux-x86_64, r-release-linux-x86_64, r-release-macos-arm64, r-release-macos-x86_64, r-release-windows-x86_64, r-oldrel-macos-arm64, r-oldrel-macos-x86_64, r-oldrel-windows-ix86+x86_64