CRAN Package Check Results for Package BayesianPower

Last updated on 2022-01-23 07:13:52 CET.

Flavor Version Tinstall Tcheck Ttotal Status Flags
r-devel-linux-x86_64-debian-clang 0.2.3 1.99 38.76 40.75 NOTE
r-devel-linux-x86_64-debian-gcc 0.2.3 1.60 33.27 34.87 NOTE
r-devel-linux-x86_64-fedora-clang 0.2.3 51.82 NOTE
r-devel-linux-x86_64-fedora-gcc 0.2.3 41.16 NOTE
r-devel-windows-x86_64-new-UL 0.2.3 44.00 59.00 103.00 NOTE
r-devel-windows-x86_64-new-TK 0.2.3 NOTE
r-patched-linux-x86_64 0.2.3 1.90 36.92 38.82 NOTE
r-release-linux-x86_64 0.2.3 1.75 36.75 38.50 NOTE
r-release-macos-arm64 0.2.3 NOTE
r-release-macos-x86_64 0.2.3 NOTE
r-release-windows-ix86+x86_64 0.2.3 6.00 46.00 52.00 NOTE
r-oldrel-macos-x86_64 0.2.3 OK
r-oldrel-windows-ix86+x86_64 0.2.3 5.00 45.00 50.00 OK

Check Details

Version: 0.2.3
Check: LazyData
Result: NOTE
     'LazyData' is specified without a 'data' directory
Flavors: r-devel-linux-x86_64-debian-clang, r-devel-linux-x86_64-debian-gcc, r-devel-linux-x86_64-fedora-clang, r-devel-linux-x86_64-fedora-gcc, r-devel-windows-x86_64-new-UL, r-devel-windows-x86_64-new-TK, r-patched-linux-x86_64, r-release-linux-x86_64, r-release-macos-arm64, r-release-macos-x86_64, r-release-windows-ix86+x86_64