CRAN Package Check Results for Package BayesPostEst

Last updated on 2022-05-23 06:49:41 CEST.

Flavor Version Tinstall Tcheck Ttotal Status Flags
r-devel-linux-x86_64-debian-clang 0.3.2 6.50 235.30 241.80 OK
r-devel-linux-x86_64-debian-gcc 0.3.2 5.15 168.00 173.15 OK
r-devel-linux-x86_64-fedora-clang 0.3.2 286.97 NOTE
r-devel-linux-x86_64-fedora-gcc 0.3.2 284.33 NOTE
r-devel-windows-x86_64 0.3.2 18.00 275.00 293.00 OK
r-patched-linux-x86_64 0.3.2 6.70 222.92 229.62 OK
r-release-linux-x86_64 0.3.2 OK
r-release-macos-arm64 0.3.2 104.00 NOTE
r-release-macos-x86_64 0.3.2 132.00 NOTE
r-release-windows-x86_64 0.3.2 51.00 273.00 324.00 OK
r-oldrel-macos-arm64 0.3.2 88.00 NOTE
r-oldrel-macos-x86_64 0.3.2 130.00 NOTE
r-oldrel-windows-ix86+x86_64 0.3.2 15.00 286.00 301.00 OK

Check Details

Version: 0.3.2
Check: dependencies in R code
Result: NOTE
    Namespaces in Imports field not imported from:
     ‘HDInterval’ ‘MCMCpack’ ‘R2WinBUGS’ ‘R2jags’ ‘carData’ ‘rjags’
     All declared Imports should be used.
Flavors: r-devel-linux-x86_64-fedora-clang, r-devel-linux-x86_64-fedora-gcc, r-release-macos-arm64, r-release-macos-x86_64, r-oldrel-macos-arm64, r-oldrel-macos-x86_64