CRAN Package Check Results for Package BayesMassBal

Last updated on 2022-01-22 06:48:47 CET.

Flavor Version Tinstall Tcheck Ttotal Status Flags
r-devel-linux-x86_64-debian-clang 1.0.0 10.20 358.86 369.06 NOTE
r-devel-linux-x86_64-debian-gcc 1.0.0 7.85 260.05 267.90 NOTE
r-devel-linux-x86_64-fedora-clang 1.0.0 450.14 NOTE
r-devel-linux-x86_64-fedora-gcc 1.0.0 425.82 NOTE
r-devel-windows-x86_64-new-UL 1.0.0 71.00 386.00 457.00 NOTE
r-devel-windows-x86_64-new-TK 1.0.0 NOTE
r-patched-linux-x86_64 1.0.0 10.76 357.42 368.18 NOTE
r-release-linux-x86_64 1.0.0 9.30 352.39 361.69 NOTE
r-release-macos-arm64 1.0.0 NOTE
r-release-macos-x86_64 1.0.0 NOTE
r-release-windows-ix86+x86_64 1.0.0 24.00 417.00 441.00 NOTE
r-oldrel-macos-x86_64 1.0.0 OK
r-oldrel-windows-ix86+x86_64 1.0.0 24.00 399.00 423.00 OK

Check Details

Version: 1.0.0
Check: LazyData
Result: NOTE
     'LazyData' is specified without a 'data' directory
Flavors: r-devel-linux-x86_64-debian-clang, r-devel-linux-x86_64-debian-gcc, r-devel-linux-x86_64-fedora-clang, r-devel-linux-x86_64-fedora-gcc, r-devel-windows-x86_64-new-UL, r-devel-windows-x86_64-new-TK, r-patched-linux-x86_64, r-release-linux-x86_64, r-release-macos-arm64, r-release-macos-x86_64, r-release-windows-ix86+x86_64