Last updated on 2022-05-22 07:53:07 CEST.
Flavor | Version | Tinstall | Tcheck | Ttotal | Status | Flags |
---|---|---|---|---|---|---|
r-devel-linux-x86_64-debian-clang | 0.9.12-4.3 | 262.28 | 299.83 | 562.11 | WARN | |
r-devel-linux-x86_64-debian-gcc | 0.9.12-4.3 | 207.23 | 225.81 | 433.04 | OK | |
r-devel-linux-x86_64-fedora-clang | 0.9.12-4.3 | 776.51 | WARN | |||
r-devel-linux-x86_64-fedora-gcc | 0.9.12-4.3 | 704.86 | OK | |||
r-devel-windows-x86_64 | 0.9.12-4.3 | 337.00 | 364.00 | 701.00 | NOTE | |
r-patched-linux-x86_64 | 0.9.12-4.3 | 227.57 | 289.76 | 517.33 | OK | |
r-release-linux-x86_64 | 0.9.12-4.3 | 229.17 | 290.80 | 519.97 | OK | |
r-release-macos-arm64 | 0.9.12-4.3 | 164.00 | NOTE | |||
r-release-macos-x86_64 | 0.9.12-4.3 | 1301.00 | NOTE | |||
r-release-windows-x86_64 | 0.9.12-4.3 | 382.00 | 338.00 | 720.00 | NOTE | |
r-oldrel-macos-arm64 | 0.9.12-4.3 | 144.00 | NOTE | |||
r-oldrel-macos-x86_64 | 0.9.12-4.3 | 227.00 | NOTE | |||
r-oldrel-windows-ix86+x86_64 | 0.9.12-4.3 | 623.00 | 408.00 | 1031.00 | NOTE |
Version: 0.9.12-4.3
Check: whether package can be installed
Result: WARN
Found the following significant warnings:
jzs_Gauss_approx_aov.cpp:51:11: warning: use of bitwise '|' with boolean operands [-Wbitwise-instead-of-logical]
Flavors: r-devel-linux-x86_64-debian-clang, r-devel-linux-x86_64-fedora-clang
Version: 0.9.12-4.3
Check: installed package size
Result: NOTE
installed size is 19.4Mb
sub-directories of 1Mb or more:
doc 5.5Mb
libs 12.9Mb
Flavors: r-devel-linux-x86_64-fedora-clang, r-devel-windows-x86_64, r-release-macos-arm64, r-release-macos-x86_64, r-release-windows-x86_64, r-oldrel-macos-arm64, r-oldrel-macos-x86_64, r-oldrel-windows-ix86+x86_64
Version: 0.9.12-4.3
Check: package dependencies
Result: NOTE
Package suggested but not available for checking: 'doMC'
Flavors: r-devel-windows-x86_64, r-release-windows-x86_64, r-oldrel-windows-ix86+x86_64