Last updated on 2022-07-06 06:52:45 CEST.
Flavor | Version | Tinstall | Tcheck | Ttotal | Status | Flags |
---|---|---|---|---|---|---|
r-devel-linux-x86_64-debian-clang | 1.8.2 | 86.41 | 378.59 | 465.00 | OK | |
r-devel-linux-x86_64-debian-gcc | 1.8.2 | 76.77 | 277.95 | 354.72 | OK | |
r-devel-linux-x86_64-fedora-clang | 1.8.2 | 594.37 | NOTE | |||
r-devel-linux-x86_64-fedora-gcc | 1.8.2 | 576.15 | NOTE | |||
r-devel-windows-x86_64 | 1.8.2 | 196.00 | 457.00 | 653.00 | NOTE | |
r-patched-linux-x86_64 | 1.8.2 | 92.72 | 360.63 | 453.35 | OK | |
r-release-linux-x86_64 | 1.8.2 | 77.24 | 363.76 | 441.00 | OK | |
r-release-macos-arm64 | 1.8.2 | 163.00 | NOTE | |||
r-release-macos-x86_64 | 1.8.2 | 210.00 | NOTE | |||
r-release-windows-x86_64 | 1.8.2 | 191.00 | 476.00 | 667.00 | NOTE | |
r-oldrel-macos-arm64 | 1.8.2 | 218.00 | NOTE | |||
r-oldrel-macos-x86_64 | 1.8.2 | 334.00 | NOTE | |||
r-oldrel-windows-ix86+x86_64 | 1.8.2 | 214.00 | 603.00 | 817.00 | NOTE |
Version: 1.8.2
Check: installed package size
Result: NOTE
installed size is 7.5Mb
sub-directories of 1Mb or more:
R 1.2Mb
data 3.3Mb
libs 2.3Mb
Flavors: r-devel-linux-x86_64-fedora-clang, r-devel-windows-x86_64, r-release-macos-arm64, r-release-macos-x86_64, r-release-windows-x86_64, r-oldrel-macos-arm64, r-oldrel-macos-x86_64, r-oldrel-windows-ix86+x86_64
Version: 1.8.2
Check: dependencies in R code
Result: NOTE
Namespace in Imports field not imported from: ‘glpkAPI’
All declared Imports should be used.
Flavors: r-devel-linux-x86_64-fedora-clang, r-devel-linux-x86_64-fedora-gcc, r-release-macos-arm64, r-release-macos-x86_64, r-oldrel-macos-arm64, r-oldrel-macos-x86_64