Last updated on 2022-05-19 07:50:04 CEST.
Flavor | Version | Tinstall | Tcheck | Ttotal | Status | Flags |
---|---|---|---|---|---|---|
r-devel-linux-x86_64-debian-clang | 0.0.1 | 6.97 | 69.09 | 76.06 | NOTE | |
r-devel-linux-x86_64-debian-gcc | 0.0.1 | 5.08 | 52.27 | 57.35 | NOTE | |
r-devel-linux-x86_64-fedora-clang | 0.0.1 | 89.94 | NOTE | |||
r-devel-linux-x86_64-fedora-gcc | 0.0.1 | 86.23 | NOTE | |||
r-devel-windows-x86_64 | 0.0.1 | 17.00 | 91.00 | 108.00 | NOTE | |
r-patched-linux-x86_64 | 0.0.1 | 6.32 | 65.20 | 71.52 | NOTE | |
r-release-linux-x86_64 | 0.0.1 | 5.48 | 65.28 | 70.76 | NOTE | |
r-release-macos-arm64 | 0.0.1 | 28.00 | NOTE | |||
r-release-macos-x86_64 | 0.0.1 | 55.00 | NOTE | |||
r-release-windows-x86_64 | 0.0.1 | 20.00 | 80.00 | 100.00 | NOTE | |
r-oldrel-macos-arm64 | 0.0.1 | 30.00 | NOTE | |||
r-oldrel-macos-x86_64 | 0.0.1 | 36.00 | NOTE | |||
r-oldrel-windows-ix86+x86_64 | 0.0.1 | 16.00 | 80.00 | 96.00 | NOTE |
Version: 0.0.1
Check: LazyData
Result: NOTE
'LazyData' is specified without a 'data' directory
Flavors: r-devel-linux-x86_64-debian-clang, r-devel-linux-x86_64-debian-gcc, r-devel-linux-x86_64-fedora-clang, r-devel-linux-x86_64-fedora-gcc, r-devel-windows-x86_64, r-patched-linux-x86_64, r-release-linux-x86_64, r-release-macos-arm64, r-release-macos-x86_64, r-release-windows-x86_64, r-oldrel-macos-arm64, r-oldrel-macos-x86_64, r-oldrel-windows-ix86+x86_64
Version: 0.0.1
Check: Rd cross-references
Result: NOTE
Undeclared package ‘tibble’ in Rd xrefs
Flavor: r-devel-linux-x86_64-fedora-clang