Last updated on 2022-08-13 07:55:16 CEST.
Flavor | Version | Tinstall | Tcheck | Ttotal | Status | Flags |
---|---|---|---|---|---|---|
r-devel-linux-x86_64-debian-clang | 2021.11.2 | 14.06 | 108.20 | 122.26 | OK | |
r-devel-linux-x86_64-debian-gcc | 2021.11.2 | 8.96 | 78.71 | 87.67 | OK | |
r-devel-linux-x86_64-fedora-clang | 2021.11.2 | 154.43 | NOTE | |||
r-devel-linux-x86_64-fedora-gcc | 2021.11.2 | 147.95 | OK | |||
r-devel-windows-x86_64 | 2021.11.2 | 41.00 | 124.00 | 165.00 | NOTE | |
r-patched-linux-x86_64 | 2021.11.2 | 13.27 | 102.47 | 115.74 | OK | |
r-release-linux-x86_64 | 2021.11.2 | 9.97 | 102.07 | 112.04 | OK | |
r-release-macos-arm64 | 2021.11.2 | 49.00 | NOTE | |||
r-release-macos-x86_64 | 2021.11.2 | 59.00 | NOTE | |||
r-release-windows-x86_64 | 2021.11.2 | 54.00 | 136.00 | 190.00 | NOTE | |
r-oldrel-macos-arm64 | 2021.11.2 | 42.00 | NOTE | |||
r-oldrel-macos-x86_64 | 2021.11.2 | 61.00 | NOTE | |||
r-oldrel-windows-ix86+x86_64 | 2021.11.2 | 26.00 | 126.00 | 152.00 | NOTE |
Version: 2021.11.2
Check: installed package size
Result: NOTE
installed size is 5.3Mb
sub-directories of 1Mb or more:
doc 4.9Mb
Flavors: r-devel-linux-x86_64-fedora-clang, r-devel-windows-x86_64, r-release-macos-arm64, r-release-macos-x86_64, r-release-windows-x86_64, r-oldrel-macos-arm64, r-oldrel-macos-x86_64, r-oldrel-windows-ix86+x86_64