Last updated on 2022-05-18 06:50:36 CEST.
Flavor | Version | Tinstall | Tcheck | Ttotal | Status | Flags |
---|---|---|---|---|---|---|
r-devel-linux-x86_64-debian-clang | 2.3.3 | 108.11 | 156.76 | 264.87 | OK | |
r-devel-linux-x86_64-debian-gcc | 2.3.3 | 92.06 | 114.29 | 206.35 | OK | |
r-devel-linux-x86_64-fedora-clang | 2.3.3 | 358.36 | NOTE | |||
r-devel-linux-x86_64-fedora-gcc | 2.3.3 | 333.57 | NOTE | |||
r-devel-windows-x86_64 | 2.3.3 | 112.00 | 214.00 | 326.00 | OK | |
r-patched-linux-x86_64 | 2.3.3 | 109.77 | 146.40 | 256.17 | OK | |
r-release-linux-x86_64 | 2.3.3 | 100.00 | 148.36 | 248.36 | OK | |
r-release-macos-arm64 | 2.3.3 | 74.00 | NOTE | |||
r-release-macos-x86_64 | 2.3.3 | 116.00 | NOTE | |||
r-release-windows-x86_64 | 2.3.3 | 108.00 | 211.00 | 319.00 | OK | |
r-oldrel-macos-arm64 | 2.3.3 | 88.00 | NOTE | |||
r-oldrel-macos-x86_64 | 2.3.3 | 111.00 | NOTE | |||
r-oldrel-windows-ix86+x86_64 | 2.3.3 | 273.00 | 240.00 | 513.00 | OK |
Version: 2.3.3
Check: dependencies in R code
Result: NOTE
Namespace in Imports field not imported from: ‘stats4’
All declared Imports should be used.
Flavors: r-devel-linux-x86_64-fedora-clang, r-devel-linux-x86_64-fedora-gcc, r-release-macos-arm64, r-release-macos-x86_64, r-oldrel-macos-arm64, r-oldrel-macos-x86_64
Version: 2.3.3
Check: installed package size
Result: NOTE
installed size is 5.7Mb
sub-directories of 1Mb or more:
libs 5.1Mb
Flavor: r-oldrel-macos-arm64