CRAN Package Check Results for Package AzureQstor

Last updated on 2022-05-15 07:54:21 CEST.

Flavor Version Tinstall Tcheck Ttotal Status Flags
r-devel-linux-x86_64-debian-clang 1.0.1 3.45 37.33 40.78 OK
r-devel-linux-x86_64-debian-gcc 1.0.1 2.44 28.85 31.29 OK
r-devel-linux-x86_64-fedora-clang 1.0.1 50.32 NOTE
r-devel-linux-x86_64-fedora-gcc 1.0.1 52.83 NOTE
r-devel-windows-x86_64 1.0.1 15.00 59.00 74.00 OK
r-patched-linux-x86_64 1.0.1 9.10 35.75 44.85 OK
r-release-linux-x86_64 1.0.1 3.15 35.24 38.39 OK
r-release-macos-arm64 1.0.1 19.00 NOTE
r-release-macos-x86_64 1.0.1 28.00 NOTE
r-release-windows-x86_64 1.0.1 20.00 55.00 75.00 OK
r-oldrel-macos-arm64 1.0.1 22.00 NOTE
r-oldrel-macos-x86_64 1.0.1 32.00 NOTE
r-oldrel-windows-ix86+x86_64 1.0.1 9.00 47.00 56.00 OK

Check Details

Version: 1.0.1
Check: dependencies in R code
Result: NOTE
    Namespaces in Imports field not imported from:
     ‘httr’ ‘openssl’
     All declared Imports should be used.
Flavors: r-devel-linux-x86_64-fedora-clang, r-devel-linux-x86_64-fedora-gcc, r-release-macos-arm64, r-release-macos-x86_64, r-oldrel-macos-arm64, r-oldrel-macos-x86_64