Last updated on 2022-08-08 07:49:55 CEST.
Flavor | Version | Tinstall | Tcheck | Ttotal | Status | Flags |
---|---|---|---|---|---|---|
r-devel-linux-x86_64-debian-clang | 1.0.0 | 5.65 | 48.74 | 54.39 | OK | |
r-devel-linux-x86_64-debian-gcc | 1.0.0 | 4.70 | 34.41 | 39.11 | OK | |
r-devel-linux-x86_64-fedora-clang | 1.0.0 | 73.36 | NOTE | |||
r-devel-linux-x86_64-fedora-gcc | 1.0.0 | 70.77 | NOTE | |||
r-devel-windows-x86_64 | 1.0.0 | 14.00 | 83.00 | 97.00 | OK | |
r-patched-linux-x86_64 | 1.0.0 | 5.07 | 42.81 | 47.88 | OK | |
r-release-linux-x86_64 | 1.0.0 | OK | ||||
r-release-macos-arm64 | 1.0.0 | 42.00 | NOTE | |||
r-release-macos-x86_64 | 1.0.0 | 49.00 | NOTE | |||
r-release-windows-x86_64 | 1.0.0 | 26.00 | 84.00 | 110.00 | OK | |
r-oldrel-macos-arm64 | 1.0.0 | 38.00 | NOTE | |||
r-oldrel-macos-x86_64 | 1.0.0 | 49.00 | NOTE | |||
r-oldrel-windows-ix86+x86_64 | 1.0.0 | 15.00 | 85.00 | 100.00 | OK |
Version: 1.0.0
Check: dependencies in R code
Result: NOTE
Namespaces in Imports field not imported from:
‘DT’ ‘lubridate’ ‘openair’ ‘plotly’
All declared Imports should be used.
Flavors: r-devel-linux-x86_64-fedora-clang, r-devel-linux-x86_64-fedora-gcc, r-release-macos-arm64, r-release-macos-x86_64, r-oldrel-macos-arm64, r-oldrel-macos-x86_64