Last updated on 2022-07-02 07:06:53 CEST.
Flavor | Version | Tinstall | Tcheck | Ttotal | Status | Flags |
---|---|---|---|---|---|---|
r-devel-linux-x86_64-debian-clang | 1.0.4 | 11.53 | 300.00 | 311.53 | OK | |
r-devel-linux-x86_64-debian-gcc | 1.0.4 | 9.87 | 213.79 | 223.66 | OK | |
r-devel-linux-x86_64-fedora-clang | 1.0.4 | 365.70 | NOTE | |||
r-devel-linux-x86_64-fedora-gcc | 1.0.4 | 365.20 | NOTE | |||
r-devel-windows-x86_64 | 1.0.4 | 30.00 | 339.00 | 369.00 | OK | |
r-patched-linux-x86_64 | 1.0.4 | 10.44 | 279.73 | 290.17 | OK | |
r-release-linux-x86_64 | 1.0.4 | 10.59 | 282.78 | 293.37 | OK | |
r-release-macos-arm64 | 1.0.4 | 92.00 | NOTE | |||
r-release-macos-x86_64 | 1.0.4 | 125.00 | NOTE | |||
r-release-windows-x86_64 | 1.0.4 | 33.00 | 346.00 | 379.00 | OK | |
r-oldrel-macos-arm64 | 1.0.4 | 141.00 | NOTE | |||
r-oldrel-macos-x86_64 | 1.0.4 | 201.00 | NOTE | |||
r-oldrel-windows-ix86+x86_64 | 1.0.4 | 26.00 | 114.00 | 140.00 | OK |
Version: 1.0.4
Check: dependencies in R code
Result: NOTE
Namespace in Imports field not imported from: ‘knitr’
All declared Imports should be used.
Flavors: r-devel-linux-x86_64-fedora-clang, r-devel-linux-x86_64-fedora-gcc, r-release-macos-arm64, r-release-macos-x86_64, r-oldrel-macos-arm64, r-oldrel-macos-x86_64