CRAN Package Check Results for Package Anthropometry

Last updated on 2022-08-14 07:54:31 CEST.

Flavor Version Tinstall Tcheck Ttotal Status Flags
r-devel-linux-x86_64-debian-clang 1.17 18.94 142.48 161.42 NOTE
r-devel-linux-x86_64-debian-gcc 1.17 11.87 105.00 116.87 NOTE
r-devel-linux-x86_64-fedora-clang 1.17 204.85 NOTE
r-devel-linux-x86_64-fedora-gcc 1.17 200.90 NOTE
r-devel-windows-x86_64 1.17 137.00 194.00 331.00 OK
r-patched-linux-x86_64 1.17 18.85 137.87 156.72 NOTE
r-release-linux-x86_64 1.17 12.53 138.01 150.54 NOTE
r-release-macos-arm64 1.17 51.00 OK
r-release-macos-x86_64 1.17 92.00 OK
r-release-windows-x86_64 1.17 106.00 194.00 300.00 OK
r-oldrel-macos-arm64 1.17 58.00 OK
r-oldrel-macos-x86_64 1.17 72.00 OK
r-oldrel-windows-ix86+x86_64 1.17 35.00 221.00 256.00 OK

Check Details

Version: 1.17
Check: package dependencies
Result: NOTE
    Package suggested but not available for checking: 'SportsAnalytics'
Flavors: r-devel-linux-x86_64-debian-clang, r-devel-linux-x86_64-debian-gcc, r-devel-linux-x86_64-fedora-clang, r-devel-linux-x86_64-fedora-gcc, r-patched-linux-x86_64, r-release-linux-x86_64