Last updated on 2022-07-07 06:49:47 CEST.
Flavor | Version | Tinstall | Tcheck | Ttotal | Status | Flags |
---|---|---|---|---|---|---|
r-devel-linux-x86_64-debian-clang | 1.1.0 | 70.43 | 342.44 | 412.87 | OK | |
r-devel-linux-x86_64-debian-gcc | 1.1.0 | 58.62 | 307.37 | 365.99 | OK | |
r-devel-linux-x86_64-fedora-clang | 1.1.0 | 518.36 | NOTE | |||
r-devel-linux-x86_64-fedora-gcc | 1.1.0 | 542.11 | NOTE | |||
r-devel-windows-x86_64 | 1.1.0 | 86.00 | 408.00 | 494.00 | OK | |
r-patched-linux-x86_64 | 1.1.0 | 50.30 | 315.25 | 365.55 | OK | |
r-release-linux-x86_64 | 1.1.0 | 47.87 | 352.65 | 400.52 | OK | |
r-release-macos-arm64 | 1.1.0 | 119.00 | NOTE | |||
r-release-macos-x86_64 | 1.1.0 | 203.00 | NOTE | |||
r-release-windows-x86_64 | 1.1.0 | 84.00 | 395.00 | 479.00 | OK | |
r-oldrel-macos-arm64 | 1.1.0 | 136.00 | NOTE | |||
r-oldrel-macos-x86_64 | 1.1.0 | 148.00 | NOTE | |||
r-oldrel-windows-ix86+x86_64 | 1.1.0 | 173.00 | 686.00 | 859.00 | OK |
Version: 1.1.0
Check: dependencies in R code
Result: NOTE
Namespaces in Imports field not imported from:
‘Rdpack’ ‘mcclust’
All declared Imports should be used.
Flavors: r-devel-linux-x86_64-fedora-clang, r-devel-linux-x86_64-fedora-gcc, r-release-macos-arm64, r-release-macos-x86_64, r-oldrel-macos-arm64, r-oldrel-macos-x86_64
Version: 1.1.0
Check: installed package size
Result: NOTE
installed size is 5.7Mb
sub-directories of 1Mb or more:
libs 5.4Mb
Flavors: r-release-macos-arm64, r-release-macos-x86_64, r-oldrel-macos-arm64, r-oldrel-macos-x86_64