CRAN Package Check Results for Package AlphaPart

Last updated on 2022-07-02 07:06:52 CEST.

Flavor Version Tinstall Tcheck Ttotal Status Flags
r-devel-linux-x86_64-debian-clang 0.9.3 33.18 114.15 147.33 OK
r-devel-linux-x86_64-debian-gcc 0.9.3 23.66 84.95 108.61 OK
r-devel-linux-x86_64-fedora-clang 0.9.3 190.96 WARN
r-devel-linux-x86_64-fedora-gcc 0.9.3 178.35 WARN
r-devel-windows-x86_64 0.9.3 50.00 160.00 210.00 OK
r-patched-linux-x86_64 0.9.3 25.63 111.10 136.73 OK
r-release-linux-x86_64 0.9.3 30.18 109.49 139.67 OK
r-release-macos-arm64 0.9.3 50.00 OK
r-release-macos-x86_64 0.9.3 71.00 OK
r-release-windows-x86_64 0.9.3 59.00 175.00 234.00 OK
r-oldrel-macos-arm64 0.9.3 44.00 OK
r-oldrel-macos-x86_64 0.9.3 67.00 OK
r-oldrel-windows-ix86+x86_64 0.9.3 77.00 196.00 273.00 OK

Check Details

Version: 0.9.3
Check: package dependencies
Result: WARN
    Requires (indirectly) orphaned package: ‘gtools’
Flavors: r-devel-linux-x86_64-fedora-clang, r-devel-linux-x86_64-fedora-gcc