CRAN Package Check Results for Package AZIAD

Last updated on 2022-08-14 07:54:32 CEST.

Flavor Version Tinstall Tcheck Ttotal Status Flags
r-devel-linux-x86_64-debian-clang 0.0.1 13.25 69.15 82.40 OK
r-devel-linux-x86_64-debian-gcc 0.0.1 11.56 51.17 62.73 OK
r-devel-linux-x86_64-fedora-clang 0.0.1 110.12 NOTE
r-devel-linux-x86_64-fedora-gcc 0.0.2 109.82 NOTE
r-devel-windows-x86_64 0.0.1 16.00 84.00 100.00 OK
r-patched-linux-x86_64 0.0.1 13.09 67.16 80.25 OK
r-release-linux-x86_64 0.0.1 12.44 66.75 79.19 OK
r-release-macos-arm64 0.0.1 28.00 NOTE
r-release-macos-x86_64 0.0.1 40.00 NOTE
r-release-windows-x86_64 0.0.1 15.00 90.00 105.00 OK
r-oldrel-macos-arm64 0.0.1 9.00 ERROR
r-oldrel-macos-x86_64 0.0.1 39.00 NOTE
r-oldrel-windows-ix86+x86_64 0.0.1 23.00 85.00 108.00 OK

Check Details

Version: 0.0.1
Check: dependencies in R code
Result: NOTE
    Namespaces in Imports field not imported from:
     ‘MixAll’ ‘dplyr’ ‘lqmm’ ‘matrixcalc’ ‘rmutil’ ‘rootSolve’
     All declared Imports should be used.
Flavors: r-devel-linux-x86_64-fedora-clang, r-release-macos-arm64, r-release-macos-x86_64, r-oldrel-macos-x86_64

Version: 0.0.2
Check: dependencies in R code
Result: NOTE
    Namespaces in Imports field not imported from:
     ‘MixAll’ ‘dplyr’ ‘lqmm’ ‘matrixcalc’ ‘rmutil’ ‘rootSolve’
     All declared Imports should be used.
Flavor: r-devel-linux-x86_64-fedora-gcc

Version: 0.0.1
Check: package dependencies
Result: ERROR
    Packages required and available but unsuitable versions:
     'parallel', 'stats', 'base'
    
    See section ‘The DESCRIPTION file’ in the ‘Writing R Extensions’
    manual.
Flavor: r-oldrel-macos-arm64