CRAN Package Check Results for Package ASIP

Last updated on 2022-05-25 07:50:14 CEST.

Flavor Version Tinstall Tcheck Ttotal Status Flags
r-devel-linux-x86_64-debian-clang 0.4.9 33.12 296.97 330.09 NOTE
r-devel-linux-x86_64-debian-gcc 0.4.9 28.00 227.32 255.32 NOTE
r-devel-linux-x86_64-fedora-clang 0.4.9 389.42 NOTE
r-devel-linux-x86_64-fedora-gcc 0.4.9 407.18 NOTE
r-devel-windows-x86_64 0.4.9 47.00 299.00 346.00 NOTE
r-patched-linux-x86_64 0.4.9 29.81 287.64 317.45 NOTE
r-release-linux-x86_64 0.4.9 NOTE
r-release-macos-arm64 0.4.9 84.00 NOTE
r-release-macos-x86_64 0.4.9 121.00 NOTE
r-release-windows-x86_64 0.4.9 46.00 289.00 335.00 NOTE
r-oldrel-macos-arm64 0.4.9 55.00 NOTE
r-oldrel-macos-x86_64 0.4.9 99.00 NOTE
r-oldrel-windows-ix86+x86_64 0.4.9 70.00 281.00 351.00 NOTE

Check Details

Version: 0.4.9
Check: LazyData
Result: NOTE
     'LazyData' is specified without a 'data' directory
Flavors: r-devel-linux-x86_64-debian-clang, r-devel-linux-x86_64-debian-gcc, r-devel-linux-x86_64-fedora-clang, r-devel-linux-x86_64-fedora-gcc, r-devel-windows-x86_64, r-patched-linux-x86_64, r-release-linux-x86_64, r-release-macos-arm64, r-release-macos-x86_64, r-release-windows-x86_64, r-oldrel-macos-arm64, r-oldrel-macos-x86_64, r-oldrel-windows-ix86+x86_64