CRAN Package Check Results for Package APIS

Last updated on 2022-01-26 06:50:06 CET.

Flavor Version Tinstall Tcheck Ttotal Status Flags
r-devel-linux-x86_64-debian-clang 1.0.1 6.19 85.44 91.63 OK
r-devel-linux-x86_64-debian-gcc 1.0.1 5.05 64.64 69.69 OK
r-devel-linux-x86_64-fedora-clang 1.0.1 107.55 NOTE
r-devel-linux-x86_64-fedora-gcc 1.0.1 98.99 NOTE
r-devel-windows-x86_64-new-UL 1.0.1 31.00 157.00 188.00 OK
r-devel-windows-x86_64-new-TK 1.0.1 OK
r-patched-linux-x86_64 1.0.1 4.78 77.20 81.98 OK
r-release-linux-x86_64 1.0.1 5.28 77.14 82.42 OK
r-release-macos-arm64 1.0.1 OK
r-release-macos-x86_64 1.0.1 OK
r-release-windows-ix86+x86_64 1.0.1 18.00 179.00 197.00 OK
r-oldrel-macos-x86_64 1.0.1 OK
r-oldrel-windows-ix86+x86_64 1.0.1 19.00 185.00 204.00 OK

Check Details

Version: 1.0.1
Check: compiled code
Result: NOTE
    File ‘APIS/libs/APIS.so’:
     Found no calls to: ‘R_registerRoutines’, ‘R_useDynamicSymbols’
    
    It is good practice to register native routines and to disable symbol
    search.
    
    See ‘Writing portable packages’ in the ‘Writing R Extensions’ manual.
Flavors: r-devel-linux-x86_64-fedora-clang, r-devel-linux-x86_64-fedora-gcc