Last updated on 2022-06-30 06:49:18 CEST.
Flavor | Version | Tinstall | Tcheck | Ttotal | Status | Flags |
---|---|---|---|---|---|---|
r-devel-linux-x86_64-debian-clang | 2.3.4 | 535.82 | 83.47 | 619.29 | NOTE | |
r-devel-linux-x86_64-debian-gcc | 2.3.4 | 384.92 | 77.23 | 462.15 | NOTE | |
r-devel-linux-x86_64-fedora-clang | 2.3.4 | 1321.70 | NOTE | |||
r-devel-linux-x86_64-fedora-gcc | 2.3.4 | 747.62 | NOTE | |||
r-devel-windows-x86_64 | 2.3.4 | 327.00 | 141.00 | 468.00 | NOTE | |
r-patched-linux-x86_64 | 2.3.4 | 349.18 | 82.13 | 431.31 | NOTE | |
r-release-linux-x86_64 | 2.3.4 | 332.50 | 80.96 | 413.46 | NOTE | |
r-release-macos-arm64 | 2.3.4 | 229.00 | NOTE | |||
r-release-macos-x86_64 | 2.3.4 | 415.00 | NOTE | |||
r-release-windows-x86_64 | 2.3.4 | 314.00 | 136.00 | 450.00 | NOTE | |
r-oldrel-macos-arm64 | 2.3.4 | 253.00 | NOTE | |||
r-oldrel-macos-x86_64 | 2.3.4 | 351.00 | NOTE | |||
r-oldrel-windows-ix86+x86_64 | 2.3.4 | 965.00 | 156.00 | 1121.00 | NOTE |
Version: 2.3.4
Check: LazyData
Result: NOTE
'LazyData' is specified without a 'data' directory
Flavors: r-devel-linux-x86_64-debian-clang, r-devel-linux-x86_64-debian-gcc, r-devel-linux-x86_64-fedora-clang, r-devel-linux-x86_64-fedora-gcc, r-devel-windows-x86_64, r-patched-linux-x86_64, r-release-linux-x86_64, r-release-macos-arm64, r-release-macos-x86_64, r-release-windows-x86_64, r-oldrel-macos-arm64, r-oldrel-macos-x86_64, r-oldrel-windows-ix86+x86_64
Version: 2.3.4
Check: installed package size
Result: NOTE
installed size is 37.3Mb
sub-directories of 1Mb or more:
cereal 1.4Mb
libs 35.7Mb
Flavors: r-devel-linux-x86_64-fedora-clang, r-release-macos-arm64, r-release-macos-x86_64, r-oldrel-macos-arm64, r-oldrel-macos-x86_64, r-oldrel-windows-ix86+x86_64