CRAN Package Check Results for Package AIPW

Last updated on 2022-01-21 07:52:25 CET.

Flavor Version Tinstall Tcheck Ttotal Status Flags
r-devel-linux-x86_64-debian-clang 0.6.3.2 OK
r-devel-linux-x86_64-debian-gcc 0.6.3.2 4.48 55.94 60.42 OK
r-devel-linux-x86_64-fedora-clang 0.6.3.2 99.10 NOTE
r-devel-linux-x86_64-fedora-gcc 0.6.3.2 86.02 NOTE
r-devel-windows-x86_64-new-UL 0.6.3.2 20.00 102.00 122.00 OK
r-devel-windows-x86_64-new-TK 0.6.3.2 NOTE
r-patched-linux-x86_64 0.6.3.2 10.28 73.07 83.35 OK
r-release-linux-x86_64 0.6.3.2 5.53 69.23 74.76 OK
r-release-macos-arm64 0.6.3.2 NOTE
r-release-macos-x86_64 0.6.3.2 NOTE
r-release-windows-ix86+x86_64 0.6.3.2 12.00 89.00 101.00 OK
r-oldrel-macos-x86_64 0.6.3.2 NOTE
r-oldrel-windows-ix86+x86_64 0.6.3.2 12.00 91.00 103.00 OK

Check Details

Version: 0.6.3.2
Check: dependencies in R code
Result: NOTE
    Namespaces in Imports field not imported from:
     ‘Rsolnp’ ‘SuperLearner’ ‘future.apply’ ‘ggplot2’ ‘progressr’ ‘stats’
     ‘utils’
     All declared Imports should be used.
Flavors: r-devel-linux-x86_64-fedora-clang, r-devel-linux-x86_64-fedora-gcc, r-devel-windows-x86_64-new-TK, r-release-macos-arm64, r-release-macos-x86_64, r-oldrel-macos-x86_64