Last updated on 2022-05-17 07:52:59 CEST.
Flavor | Version | Tinstall | Tcheck | Ttotal | Status | Flags |
---|---|---|---|---|---|---|
r-devel-linux-x86_64-debian-clang | 1.0 | 3.85 | 54.20 | 58.05 | NOTE | |
r-devel-linux-x86_64-debian-gcc | 1.0 | 3.84 | 41.56 | 45.40 | NOTE | |
r-devel-linux-x86_64-fedora-clang | 1.0 | 69.63 | NOTE | |||
r-devel-linux-x86_64-fedora-gcc | 1.0 | 67.03 | NOTE | |||
r-devel-windows-x86_64 | 1.0 | 18.00 | 73.00 | 91.00 | NOTE | |
r-patched-linux-x86_64 | 1.0 | 3.92 | 54.38 | 58.30 | NOTE | |
r-release-linux-x86_64 | 1.0 | 4.56 | 55.73 | 60.29 | NOTE | |
r-release-macos-arm64 | 1.0 | 22.00 | NOTE | |||
r-release-macos-x86_64 | 1.0 | 31.00 | NOTE | |||
r-release-windows-x86_64 | 1.0 | 20.00 | 69.00 | 89.00 | NOTE | |
r-oldrel-macos-arm64 | 1.0 | 25.00 | NOTE | |||
r-oldrel-macos-x86_64 | 1.0 | 35.00 | NOTE | |||
r-oldrel-windows-ix86+x86_64 | 1.0 | 10.00 | 66.00 | 76.00 | OK |
Version: 1.0
Check: package dependencies
Result: NOTE
Package suggested but not available for checking: 'INLA'
Flavors: r-devel-linux-x86_64-debian-clang, r-devel-linux-x86_64-debian-gcc, r-devel-windows-x86_64, r-patched-linux-x86_64, r-release-linux-x86_64, r-release-macos-arm64, r-release-macos-x86_64, r-release-windows-x86_64, r-oldrel-macos-arm64, r-oldrel-macos-x86_64
Version: 1.0
Check: dependencies in R code
Result: NOTE
Namespace in Imports field not imported from: ‘rgdal’
All declared Imports should be used.
Flavors: r-devel-linux-x86_64-fedora-clang, r-devel-linux-x86_64-fedora-gcc, r-release-macos-arm64, r-release-macos-x86_64, r-oldrel-macos-arm64, r-oldrel-macos-x86_64